ate the remainder when 558 is divided by 117.
90
What is the remainder when 1552 is divided by 41?
35
Calculate the remainder when 1683 is divided by 5.
3
What is the remainder when 2542 is divided by 43?
5
Calculate the remainder when 2228 is divided by 64.
52
Calculate the remainder when 64 is divided by 53.
11
What is the remainder when 64 is divided by 33?
31
What is the remainder when 3717 is divided by 155?
152
Calculate the remainder when 146 is divided by 17.
10
Calculate the remainder when 517 is divided by 4.
1
What is the remainder when 426 is divided by 109?
99
What is the remainder when 2284 is divided by 9?
7
Calculate the remainder when 1826 is divided by 59.
56
What is the remainder when 184 is divided by 76?
32
What is the remainder when 241 is divided by 93?
55
What is the remainder when 507 is divided by 5?
2
Calculate the remainder when 907 is divided by 347.
213
Calculate the remainder when 133 is divided by 68.
65
Calculate the remainder when 114 is divided by 63.
51
What is the remainder when 917 is divided by 17?
16
Calculate the remainder when 1400 is divided by 346.
16
Calculate the remainder when 458 is divided by 109.
22
What is the remainder when 326 is divided by 104?
14
Calculate the remainder when 536 is divided by 121.
52
Calculate the remainder when 299 is divided by 44.
35
Calculate the remainder when 149 is divided by 2.
1
What is the remainder when 1733 is divided by 109?
98
Calculate the remainder when 461 is divided by 58.
55
What is the remainder when 4028 is divided by 31?
29
What is the remainder when 1405 is divided by 11?
8
Calculate the remainder when 149 is divided by 16.
5
Calculate the remainder when 49 is divided by 15.
4
Calculate the remainder when 9401 is divided by 4.
1
What is the remainder when 81 is divided by 8?
1
Calculate the remainder when 96 is divided by 3.
0
Calculate the remainder when 9111 is divided by 14.
11
Calculate the remainder when 198 is divided by 10.
8
What is the remainder when 115 is divided by 47?
21
What is the remainder when 292 is divided by 59?
56
What is the remainder when 8796 is divided by 40?
36
What is the remainder when 11142 is divided by 46?
10
What is the remainder when 2584 is divided by 47?
46
What is the remainder when 2467 is divided by 65?
62
What is the remainder when 627 is divided by 42?
39
What is the remainder when 526 is divided by 11?
9
Calculate the remainder when 227 is divided by 38.
37
What is the remainder when 3962 is divided by 38?
10
Calculate the remainder when 32 is divided by 3.
2
Calculate the remainder when 8 is divided by 7.
1
Calculate the remainder when 254 is divided by 42.
2
What is the remainder when 34 is divided by 9?
7
What is the remainder when 1968 is divided by 116?
112
What is the remainder when 272 is divided by 24?
8
Calculate the remainder when 27 is divided by 8.
3
What is the remainder when 469 is divided by 98?
77
What is the remainder when 107 is divided by 18?
17
What is the remainder when 182 is divided by 18?
2
Calculate the remainder when 24737 is divided by 19.
18
What is the remainder when 403 is divided by 11?
7
What is the remainder when 168 is divided by 83?
2
What is the remainder when 1979 is divided by 961?
57
Calculate the remainder when 1923 is divided by 95.
23
What is the remainder when 630 is divided by 168?
126
What is the remainder when 27 is divided by 24?
3
What is the remainder when 201 is divided by 41?
37
Calculate the remainder when 165 is divided by 80.
5
Calculate the remainder when 671 is divided by 166.
7
Calculate the remainder when 4593 is divided by 1524.
21
Calculate the remainder when 809 is divided by 18.
17
What is the remainder when 207 is divided by 205?
2
What is the remainder when 132 is divided by 23?
17
What is the remainder when 2328 is divided by 21?
18
What is the remainder when 147 is divided by 9?
3
Calculate the remainder when 22 is divided by 10.
2
What is the remainder when 351 is divided by 71?
67
Calculate the remainder when 5816 is divided by 7.
6
What is the remainder when 293 is divided by 93?
14
What is the remainder when 315 is divided by 11?
7
What is the remainder when 14549 is divided by 99?
95
Calculate the remainder when 15645 is divided by 111.
105
What is the remainder when 1049 is divided by 264?
257
Calculate the remainder when 64090 is divided by 218.
216
Calculate the remainder when 298 is divided by 76.
70
What is the remainder when 840 is divided by 826?
14
What is the remainder when 87 is divided by 76?
11
Calculate the remainder when 177 is divided by 36.
33
What is the remainder when 1088 is divided by 26?
22
Calculate the remainder when 23 is divided by 14.
9
Calculate the remainder when 555 is divided by 11.
5
Calculate the remainder when 1239 is divided by 139.
127
What is the remainder when 917 is divided by 46?
43
Calculate the remainder when 140 is divided by 30.
20
What is the remainder when 2695 is divided by 898?
1
Calculate the remainder when 4205 is divided by 69.
65
What is the remainder when 49 is divided by 26?
23
What is the remainder when 555 is divided by 112?
107
Calculate the remainder when 4752 is divided by 164.
160
What is the remainder when 1420 is divided by 138?
40
What is the remainder when 875 is divided by 150?
125
Calculate the remainder when 631 is divided by 213.
205
Calculate the remainder when 24315 is divided by 83.
79
Calculate the remainder when 5661 is divided by 105.
96
What is the remainder when 383 is divided by 210?
173
Calculate the remainder when 1271 is divided by 68.
47
What is the remainder when 406 is divided by 24?
22
Calculate the remainder when 234 is divided by 59.
57
Calculate the remainder when 823 is divided by 267.
22
Calculate the remainder when 91 is divided by 29.
4
Calculate the remainder when 475 is divided by 16.
11
Calculate the remainder when 116 is divided by 40.
36
What is the remainder when 1133 is divided by 57?
50
Calculate the remainder when 23 is divided by 9.
5
What is the remainder when 886 is divided by 128?
118
Calculate the remainder when 4043 is divided by 19.
15
Calculate the remainder when 44 is divided by 31.
13
Calculate the remainder when 209 is divided by 70.
69
Calculate the remainder when 1646 is divided by 56.
22
What is the remainder when 929 is divided by 31?
30
Calculate the remainder when 483 is divided by 184.
115
What is the remainder when 51 is divided by 10?
1
What is the remainder when 19039 is divided by 46?
41
Calculate the remainder when 10454 is divided by 1161.
5
Calculate the remainder when 627 is divided by 21.
18
What is the remainder when 86 is divided by 4?
2
What is the remainder when 451 is divided by 117?
100
Calculate the remainder when 272 is divided by 79.
35
Calculate the remainder when 388 is divided by 78.
76
What is the remainder when 625 is divided by 308?
9
What is the remainder when 118 is divided by 15?
13
Calculate the remainder when 97 is divided by 34.
29
Calculate the remainder when 81 is divided by 7.
4
What is the remainder when 7193 is divided by 171?
11
Calculate the remainder when 308 is divided by 49.
14
Calculate the remainder when 336 is divided by 26.
24
Calculate the remainder when 404 is divided by 24.
20
What is the remainder when 12024 is divided by 388?
384
What is the remainder when 4582 is divided by 170?
162
Calculate the remainder when 2850 is divided by 42.
36
Calculate the remainder when 1163 is divided by 94.
35
Calculate the remainder when 25800 is divided by 61.
58
Calculate the remainder when 858 is divided by 6.
0
Calculate the remainder when 56 is divided by 32.
24
What is the remainder when 1070 is divided by 25?
20
What is the remainder when 639 is divided by 90?
9
Calculate the remainder when 300 is divided by 140.
20
Calculate the remainder when 939 is divided by 17.
4
Calculate the remainder when 28 is divided by 17.
11
Calculate the remainder when 413 is divided by 78.
23
What is the remainder when 420 is divided by 159?
102
What is the remainder when 133 is divided by 22?
1
What is the remainder when 47 is divided by 14?
5
What is the remainder when 6666 is divided by 333?
6
Calculate the remainder when 28412 is divided by 99.
98
What is the remainder when 121 is divided by 25?
21
